{"id":92,"date":"2017-03-16T21:36:22","date_gmt":"2017-03-16T21:36:22","guid":{"rendered":"http:\/\/vsringelsdorf-niederabsdorf.ac.at\/?page_id=92"},"modified":"2017-03-18T14:14:35","modified_gmt":"2017-03-18T14:14:35","slug":"neuigkeiten","status":"publish","type":"page","link":"http:\/\/vsringelsdorf-niederabsdorf.ac.at\/?page_id=92","title":{"rendered":"Neuigkeiten"},"content":{"rendered":"<div class=\"pt-cv-wrapper\"><div class=\"pt-cv-view pt-cv-grid pt-cv-colsys\" id=\"pt-cv-view-ee35533wdq\"><div data-id=\"pt-cv-page-1\" class=\"pt-cv-page\" data-cvc=\"1\"><div class=\"col-md-12 col-sm-12 col-xs-12 pt-cv-content-item pt-cv-1-col\" ><div class='pt-cv-ifield'><a href=\"http:\/\/vsringelsdorf-niederabsdorf.ac.at\/?p=1354\" class=\"_self pt-cv-href-thumbnail pt-cv-thumb-default\" target=\"_self\" ><\/a>\n<h4 class=\"pt-cv-title\"><a href=\"http:\/\/vsringelsdorf-niederabsdorf.ac.at\/?p=1354\" class=\"_self\" target=\"_self\" >Faschingstreiben<\/a><\/h4>\n<div class=\"pt-cv-content\">Mitte Februar wurde es wieder bunt und laut in unserer Schule. Am Faschingsdienstag hie\u00df die Super-Mario-Truppe die kost\u00fcmierten Kinder herzlich ...<br \/><div class=\"pt-cv-rmwrap\"><a href=\"http:\/\/vsringelsdorf-niederabsdorf.ac.at\/?p=1354\" class=\"_self pt-cv-readmore btn btn-success\" target=\"_self\">Weiterlesen \u2026<\/a><\/div><\/div><\/div><\/div>\n<div class=\"col-md-12 col-sm-12 col-xs-12 pt-cv-content-item pt-cv-1-col\" ><div class='pt-cv-ifield'><a href=\"http:\/\/vsringelsdorf-niederabsdorf.ac.at\/?p=1339\" class=\"_self pt-cv-href-thumbnail pt-cv-thumb-default\" target=\"_self\" ><img loading=\"lazy\" decoding=\"async\" width=\"300\" height=\"300\" src=\"http:\/\/vsringelsdorf-niederabsdorf.ac.at\/wp-content\/uploads\/2026\/01\/Snoopy_Neujahr-300x300.jpg\" class=\"pt-cv-thumbnail\" alt=\"\" srcset=\"http:\/\/vsringelsdorf-niederabsdorf.ac.at\/wp-content\/uploads\/2026\/01\/Snoopy_Neujahr-300x300.jpg 300w, http:\/\/vsringelsdorf-niederabsdorf.ac.at\/wp-content\/uploads\/2026\/01\/Snoopy_Neujahr-150x150.jpg 150w, http:\/\/vsringelsdorf-niederabsdorf.ac.at\/wp-content\/uploads\/2026\/01\/Snoopy_Neujahr-270x270.jpg 270w, http:\/\/vsringelsdorf-niederabsdorf.ac.at\/wp-content\/uploads\/2026\/01\/Snoopy_Neujahr-230x230.jpg 230w, http:\/\/vsringelsdorf-niederabsdorf.ac.at\/wp-content\/uploads\/2026\/01\/Snoopy_Neujahr.jpg 736w\" sizes=\"auto, (max-width: 300px) 100vw, 300px\" \/><\/a>\n<h4 class=\"pt-cv-title\"><a href=\"http:\/\/vsringelsdorf-niederabsdorf.ac.at\/?p=1339\" class=\"_self\" target=\"_self\" >Jahresr\u00fcckblick<\/a><\/h4>\n<div class=\"pt-cv-content\">Einen kurzen R\u00fcckblick auf unsere Aktivit\u00e4ten im Advent. Wir waren sehr flei\u00dfig beim \u00dcben und Proben f\u00fcr unsere Weihnachtsfeier, haben ...<br \/><div class=\"pt-cv-rmwrap\"><a href=\"http:\/\/vsringelsdorf-niederabsdorf.ac.at\/?p=1339\" class=\"_self pt-cv-readmore btn btn-success\" target=\"_self\">Weiterlesen \u2026<\/a><\/div><\/div><\/div><\/div>\n<div class=\"col-md-12 col-sm-12 col-xs-12 pt-cv-content-item pt-cv-1-col\" ><div class='pt-cv-ifield'><a href=\"http:\/\/vsringelsdorf-niederabsdorf.ac.at\/?p=1331\" class=\"_self pt-cv-href-thumbnail pt-cv-thumb-default\" target=\"_self\" ><img loading=\"lazy\" decoding=\"async\" width=\"300\" height=\"225\" src=\"http:\/\/vsringelsdorf-niederabsdorf.ac.at\/wp-content\/uploads\/2025\/11\/8add249b-6baa-4d86-971b-01e6e538071f-300x225.jpg\" class=\"pt-cv-thumbnail\" alt=\"\" srcset=\"http:\/\/vsringelsdorf-niederabsdorf.ac.at\/wp-content\/uploads\/2025\/11\/8add249b-6baa-4d86-971b-01e6e538071f-300x225.jpg 300w, http:\/\/vsringelsdorf-niederabsdorf.ac.at\/wp-content\/uploads\/2025\/11\/8add249b-6baa-4d86-971b-01e6e538071f-1024x768.jpg 1024w, http:\/\/vsringelsdorf-niederabsdorf.ac.at\/wp-content\/uploads\/2025\/11\/8add249b-6baa-4d86-971b-01e6e538071f-768x576.jpg 768w, http:\/\/vsringelsdorf-niederabsdorf.ac.at\/wp-content\/uploads\/2025\/11\/8add249b-6baa-4d86-971b-01e6e538071f-1536x1152.jpg 1536w, http:\/\/vsringelsdorf-niederabsdorf.ac.at\/wp-content\/uploads\/2025\/11\/8add249b-6baa-4d86-971b-01e6e538071f.jpg 1600w\" sizes=\"auto, (max-width: 300px) 100vw, 300px\" \/><\/a>\n<h4 class=\"pt-cv-title\"><a href=\"http:\/\/vsringelsdorf-niederabsdorf.ac.at\/?p=1331\" class=\"_self\" target=\"_self\" >Simply strong Partnerschule<\/a><\/h4>\n<div class=\"pt-cv-content\">Die Volksschule Ringelsdorf-Niederabsdorf ist ab sofort offizielle simply strong Partnerschule! Im Rahmen einer Fortbildung gemeinsam mit der Volksschule Dr\u00f6sing und ...<br \/><div class=\"pt-cv-rmwrap\"><a href=\"http:\/\/vsringelsdorf-niederabsdorf.ac.at\/?p=1331\" class=\"_self pt-cv-readmore btn btn-success\" target=\"_self\">Weiterlesen \u2026<\/a><\/div><\/div><\/div><\/div>\n<div class=\"col-md-12 col-sm-12 col-xs-12 pt-cv-content-item pt-cv-1-col\" ><div class='pt-cv-ifield'><a href=\"http:\/\/vsringelsdorf-niederabsdorf.ac.at\/?p=1312\" class=\"_self pt-cv-href-thumbnail pt-cv-thumb-default\" target=\"_self\" ><img loading=\"lazy\" decoding=\"async\" width=\"300\" height=\"202\" src=\"http:\/\/vsringelsdorf-niederabsdorf.ac.at\/wp-content\/uploads\/2021\/09\/1-300x202.webp\" class=\"pt-cv-thumbnail\" alt=\"\" srcset=\"http:\/\/vsringelsdorf-niederabsdorf.ac.at\/wp-content\/uploads\/2021\/09\/1-300x202.webp 300w, http:\/\/vsringelsdorf-niederabsdorf.ac.at\/wp-content\/uploads\/2021\/09\/1-768x516.webp 768w, http:\/\/vsringelsdorf-niederabsdorf.ac.at\/wp-content\/uploads\/2021\/09\/1.webp 960w\" sizes=\"auto, (max-width: 300px) 100vw, 300px\" \/><\/a>\n<h4 class=\"pt-cv-title\"><a href=\"http:\/\/vsringelsdorf-niederabsdorf.ac.at\/?p=1312\" class=\"_self\" target=\"_self\" >Unsere 1. Klasse<\/a><\/h4>\n<div class=\"pt-cv-content\">Wir freuen uns sehr unsere \"neue\" 1. Schulstufe bei uns begr\u00fc\u00dfen zu d\u00fcrfen. Die ersten Wochen waren sicher sehr aufregend ...<br \/><div class=\"pt-cv-rmwrap\"><a href=\"http:\/\/vsringelsdorf-niederabsdorf.ac.at\/?p=1312\" class=\"_self pt-cv-readmore btn btn-success\" target=\"_self\">Weiterlesen \u2026<\/a><\/div><\/div><\/div><\/div>\n<div class=\"col-md-12 col-sm-12 col-xs-12 pt-cv-content-item pt-cv-1-col\" ><div class='pt-cv-ifield'><a href=\"http:\/\/vsringelsdorf-niederabsdorf.ac.at\/?p=1287\" class=\"_self pt-cv-href-thumbnail pt-cv-thumb-default\" target=\"_self\" ><img loading=\"lazy\" decoding=\"async\" width=\"300\" height=\"150\" src=\"http:\/\/vsringelsdorf-niederabsdorf.ac.at\/wp-content\/uploads\/2022\/09\/Schulbeginn-300x150.jpg\" class=\"pt-cv-thumbnail\" alt=\"\" srcset=\"http:\/\/vsringelsdorf-niederabsdorf.ac.at\/wp-content\/uploads\/2022\/09\/Schulbeginn-300x150.jpg 300w, http:\/\/vsringelsdorf-niederabsdorf.ac.at\/wp-content\/uploads\/2022\/09\/Schulbeginn.jpg 600w\" sizes=\"auto, (max-width: 300px) 100vw, 300px\" \/><\/a>\n<h4 class=\"pt-cv-title\"><a href=\"http:\/\/vsringelsdorf-niederabsdorf.ac.at\/?p=1287\" class=\"_self\" target=\"_self\" >Willkommen im Schuljahr 2025\/26<\/a><\/h4>\n<div class=\"pt-cv-content\">Wir freuen uns euch im neuen Schuljahr willkommen zu hei\u00dfen! Bevor es wieder mit vollem Schwung losgeht gibt es hier ...<br \/><div class=\"pt-cv-rmwrap\"><a href=\"http:\/\/vsringelsdorf-niederabsdorf.ac.at\/?p=1287\" class=\"_self pt-cv-readmore btn btn-success\" target=\"_self\">Weiterlesen \u2026<\/a><\/div><\/div><\/div><\/div>\n<div class=\"col-md-12 col-sm-12 col-xs-12 pt-cv-content-item pt-cv-1-col\" ><div class='pt-cv-ifield'><a href=\"http:\/\/vsringelsdorf-niederabsdorf.ac.at\/?p=1260\" class=\"_self pt-cv-href-thumbnail pt-cv-thumb-default\" target=\"_self\" ><img loading=\"lazy\" decoding=\"async\" width=\"300\" height=\"183\" src=\"http:\/\/vsringelsdorf-niederabsdorf.ac.at\/wp-content\/uploads\/2024\/11\/20241025_100637-300x183.jpg\" class=\"pt-cv-thumbnail\" alt=\"\" srcset=\"http:\/\/vsringelsdorf-niederabsdorf.ac.at\/wp-content\/uploads\/2024\/11\/20241025_100637-300x183.jpg 300w, http:\/\/vsringelsdorf-niederabsdorf.ac.at\/wp-content\/uploads\/2024\/11\/20241025_100637-1024x625.jpg 1024w, http:\/\/vsringelsdorf-niederabsdorf.ac.at\/wp-content\/uploads\/2024\/11\/20241025_100637-768x469.jpg 768w, http:\/\/vsringelsdorf-niederabsdorf.ac.at\/wp-content\/uploads\/2024\/11\/20241025_100637-1536x938.jpg 1536w, http:\/\/vsringelsdorf-niederabsdorf.ac.at\/wp-content\/uploads\/2024\/11\/20241025_100637-2048x1251.jpg 2048w\" sizes=\"auto, (max-width: 300px) 100vw, 300px\" \/><\/a>\n<h4 class=\"pt-cv-title\"><a href=\"http:\/\/vsringelsdorf-niederabsdorf.ac.at\/?p=1260\" class=\"_self\" target=\"_self\" >Herbst in der VS RiNa<\/a><\/h4>\n<div class=\"pt-cv-content\">Die Herbstferien sind ein guter Zeitpunkt um ein kurzes Resum\u00e9 der vergangenen Schulwochen zu ziehen. Viel war los an unserer ...<br \/><div class=\"pt-cv-rmwrap\"><a href=\"http:\/\/vsringelsdorf-niederabsdorf.ac.at\/?p=1260\" class=\"_self pt-cv-readmore btn btn-success\" target=\"_self\">Weiterlesen \u2026<\/a><\/div><\/div><\/div><\/div>\n<div class=\"col-md-12 col-sm-12 col-xs-12 pt-cv-content-item pt-cv-1-col\" ><div class='pt-cv-ifield'><a href=\"http:\/\/vsringelsdorf-niederabsdorf.ac.at\/?p=1254\" class=\"_self pt-cv-href-thumbnail pt-cv-thumb-default\" target=\"_self\" ><img loading=\"lazy\" decoding=\"async\" width=\"300\" height=\"200\" src=\"http:\/\/vsringelsdorf-niederabsdorf.ac.at\/wp-content\/uploads\/2024\/09\/IMG-20240908-WA0012-300x200.jpg\" class=\"pt-cv-thumbnail\" alt=\"\" srcset=\"http:\/\/vsringelsdorf-niederabsdorf.ac.at\/wp-content\/uploads\/2024\/09\/IMG-20240908-WA0012-300x200.jpg 300w, http:\/\/vsringelsdorf-niederabsdorf.ac.at\/wp-content\/uploads\/2024\/09\/IMG-20240908-WA0012-1024x683.jpg 1024w, http:\/\/vsringelsdorf-niederabsdorf.ac.at\/wp-content\/uploads\/2024\/09\/IMG-20240908-WA0012-768x512.jpg 768w, http:\/\/vsringelsdorf-niederabsdorf.ac.at\/wp-content\/uploads\/2024\/09\/IMG-20240908-WA0012.jpg 1240w\" sizes=\"auto, (max-width: 300px) 100vw, 300px\" \/><\/a>\n<h4 class=\"pt-cv-title\"><a href=\"http:\/\/vsringelsdorf-niederabsdorf.ac.at\/?p=1254\" class=\"_self\" target=\"_self\" >Sie haben JA gesagt<\/a><\/h4>\n<div class=\"pt-cv-content\">Am 27. Juli 2024 fand in Dr\u00f6sing die Trauung unserer lieben Lehrerin und Kollegin Bettina und ihrem Mann Bernhard statt ...<br \/><div class=\"pt-cv-rmwrap\"><a href=\"http:\/\/vsringelsdorf-niederabsdorf.ac.at\/?p=1254\" class=\"_self pt-cv-readmore btn btn-success\" target=\"_self\">Weiterlesen \u2026<\/a><\/div><\/div><\/div><\/div>\n<div class=\"col-md-12 col-sm-12 col-xs-12 pt-cv-content-item pt-cv-1-col\" ><div class='pt-cv-ifield'><a href=\"http:\/\/vsringelsdorf-niederabsdorf.ac.at\/?p=1250\" class=\"_self pt-cv-href-thumbnail pt-cv-thumb-default\" target=\"_self\" ><img loading=\"lazy\" decoding=\"async\" width=\"300\" height=\"225\" src=\"http:\/\/vsringelsdorf-niederabsdorf.ac.at\/wp-content\/uploads\/2024\/06\/Lesenacht3_4-300x225.jpg\" class=\"pt-cv-thumbnail\" alt=\"\" srcset=\"http:\/\/vsringelsdorf-niederabsdorf.ac.at\/wp-content\/uploads\/2024\/06\/Lesenacht3_4-300x225.jpg 300w, http:\/\/vsringelsdorf-niederabsdorf.ac.at\/wp-content\/uploads\/2024\/06\/Lesenacht3_4-1024x768.jpg 1024w, http:\/\/vsringelsdorf-niederabsdorf.ac.at\/wp-content\/uploads\/2024\/06\/Lesenacht3_4-768x576.jpg 768w, http:\/\/vsringelsdorf-niederabsdorf.ac.at\/wp-content\/uploads\/2024\/06\/Lesenacht3_4-1536x1152.jpg 1536w, http:\/\/vsringelsdorf-niederabsdorf.ac.at\/wp-content\/uploads\/2024\/06\/Lesenacht3_4.jpg 1600w\" sizes=\"auto, (max-width: 300px) 100vw, 300px\" \/><\/a>\n<h4 class=\"pt-cv-title\"><a href=\"http:\/\/vsringelsdorf-niederabsdorf.ac.at\/?p=1250\" class=\"_self\" target=\"_self\" >Wenn es finster wird&#8230;Teil 2<\/a><\/h4>\n<div class=\"pt-cv-content\">Auch die 3. und 4. Klasse unserer Schule wollte sich eine Nacht im Schulhaus nicht entgehen lassen. Gest\u00e4rkt durch ein ...<br \/><div class=\"pt-cv-rmwrap\"><a href=\"http:\/\/vsringelsdorf-niederabsdorf.ac.at\/?p=1250\" class=\"_self pt-cv-readmore btn btn-success\" target=\"_self\">Weiterlesen \u2026<\/a><\/div><\/div><\/div><\/div>\n<div class=\"col-md-12 col-sm-12 col-xs-12 pt-cv-content-item pt-cv-1-col\" ><div class='pt-cv-ifield'><a href=\"http:\/\/vsringelsdorf-niederabsdorf.ac.at\/?p=1242\" class=\"_self pt-cv-href-thumbnail pt-cv-thumb-default\" target=\"_self\" ><img loading=\"lazy\" decoding=\"async\" width=\"300\" height=\"225\" src=\"http:\/\/vsringelsdorf-niederabsdorf.ac.at\/wp-content\/uploads\/2024\/03\/20240315_062446-300x225.jpg\" class=\"pt-cv-thumbnail\" alt=\"\" srcset=\"http:\/\/vsringelsdorf-niederabsdorf.ac.at\/wp-content\/uploads\/2024\/03\/20240315_062446-300x225.jpg 300w, http:\/\/vsringelsdorf-niederabsdorf.ac.at\/wp-content\/uploads\/2024\/03\/20240315_062446-1024x768.jpg 1024w, http:\/\/vsringelsdorf-niederabsdorf.ac.at\/wp-content\/uploads\/2024\/03\/20240315_062446-768x576.jpg 768w, http:\/\/vsringelsdorf-niederabsdorf.ac.at\/wp-content\/uploads\/2024\/03\/20240315_062446-1536x1152.jpg 1536w, http:\/\/vsringelsdorf-niederabsdorf.ac.at\/wp-content\/uploads\/2024\/03\/20240315_062446-2048x1536.jpg 2048w\" sizes=\"auto, (max-width: 300px) 100vw, 300px\" \/><\/a>\n<h4 class=\"pt-cv-title\"><a href=\"http:\/\/vsringelsdorf-niederabsdorf.ac.at\/?p=1242\" class=\"_self\" target=\"_self\" >Wenn es finster wird&#8230;<\/a><\/h4>\n<div class=\"pt-cv-content\">...treffen sich die Sch\u00fcler und Sch\u00fclerinnen der 2. Klasse um die Lesenacht in der Schule zu verbringen. Neben dem Erforschen ...<br \/><div class=\"pt-cv-rmwrap\"><a href=\"http:\/\/vsringelsdorf-niederabsdorf.ac.at\/?p=1242\" class=\"_self pt-cv-readmore btn btn-success\" target=\"_self\">Weiterlesen \u2026<\/a><\/div><\/div><\/div><\/div>\n<div class=\"col-md-12 col-sm-12 col-xs-12 pt-cv-content-item pt-cv-1-col\" ><div class='pt-cv-ifield'><a href=\"http:\/\/vsringelsdorf-niederabsdorf.ac.at\/?p=1239\" class=\"_self pt-cv-href-thumbnail pt-cv-thumb-default\" target=\"_self\" ><img loading=\"lazy\" decoding=\"async\" width=\"300\" height=\"215\" src=\"http:\/\/vsringelsdorf-niederabsdorf.ac.at\/wp-content\/uploads\/2024\/03\/GridArt_20240216_160001113-300x215.jpg\" class=\"pt-cv-thumbnail\" alt=\"\" srcset=\"http:\/\/vsringelsdorf-niederabsdorf.ac.at\/wp-content\/uploads\/2024\/03\/GridArt_20240216_160001113-300x215.jpg 300w, http:\/\/vsringelsdorf-niederabsdorf.ac.at\/wp-content\/uploads\/2024\/03\/GridArt_20240216_160001113-1024x736.jpg 1024w, http:\/\/vsringelsdorf-niederabsdorf.ac.at\/wp-content\/uploads\/2024\/03\/GridArt_20240216_160001113-768x552.jpg 768w, http:\/\/vsringelsdorf-niederabsdorf.ac.at\/wp-content\/uploads\/2024\/03\/GridArt_20240216_160001113-1536x1103.jpg 1536w, http:\/\/vsringelsdorf-niederabsdorf.ac.at\/wp-content\/uploads\/2024\/03\/GridArt_20240216_160001113-2048x1471.jpg 2048w\" sizes=\"auto, (max-width: 300px) 100vw, 300px\" \/><\/a>\n<h4 class=\"pt-cv-title\"><a href=\"http:\/\/vsringelsdorf-niederabsdorf.ac.at\/?p=1239\" class=\"_self\" target=\"_self\" >Schlumpfhausen feiert<\/a><\/h4>\n<div class=\"pt-cv-content\">Die schlumpfigen Lehrerinnen feierten einen lustigen Vormittag mit ihren G\u00e4sten aus allen Bereichen der Fantasie. Die Faschingskrapfen zur St\u00e4rkung halfen ...<br \/><div class=\"pt-cv-rmwrap\"><a href=\"http:\/\/vsringelsdorf-niederabsdorf.ac.at\/?p=1239\" class=\"_self pt-cv-readmore btn btn-success\" target=\"_self\">Weiterlesen \u2026<\/a><\/div><\/div><\/div><\/div><\/div><\/div><\/div>\n","protected":false},"excerpt":{"rendered":"","protected":false},"author":2,"featured_media":0,"parent":0,"menu_order":0,"comment_status":"closed","ping_status":"closed","template":"","meta":{"footnotes":""},"class_list":["post-92","page","type-page","status-publish","hentry"],"_links":{"self":[{"href":"http:\/\/vsringelsdorf-niederabsdorf.ac.at\/index.php?rest_route=\/wp\/v2\/pages\/92","targetHints":{"allow":["GET"]}}],"collection":[{"href":"http:\/\/vsringelsdorf-niederabsdorf.ac.at\/index.php?rest_route=\/wp\/v2\/pages"}],"about":[{"href":"http:\/\/vsringelsdorf-niederabsdorf.ac.at\/index.php?rest_route=\/wp\/v2\/types\/page"}],"author":[{"embeddable":true,"href":"http:\/\/vsringelsdorf-niederabsdorf.ac.at\/index.php?rest_route=\/wp\/v2\/users\/2"}],"replies":[{"embeddable":true,"href":"http:\/\/vsringelsdorf-niederabsdorf.ac.at\/index.php?rest_route=%2Fwp%2Fv2%2Fcomments&post=92"}],"version-history":[{"count":1,"href":"http:\/\/vsringelsdorf-niederabsdorf.ac.at\/index.php?rest_route=\/wp\/v2\/pages\/92\/revisions"}],"predecessor-version":[{"id":93,"href":"http:\/\/vsringelsdorf-niederabsdorf.ac.at\/index.php?rest_route=\/wp\/v2\/pages\/92\/revisions\/93"}],"wp:attachment":[{"href":"http:\/\/vsringelsdorf-niederabsdorf.ac.at\/index.php?rest_route=%2Fwp%2Fv2%2Fmedia&parent=92"}],"curies":[{"name":"wp","href":"https:\/\/api.w.org\/{rel}","templated":true}]}}