{"id":1048,"date":"2022-10-05T16:15:27","date_gmt":"2022-10-05T16:15:27","guid":{"rendered":"http:\/\/vsringelsdorf-niederabsdorf.ac.at\/?page_id=1048"},"modified":"2022-10-05T16:19:19","modified_gmt":"2022-10-05T16:19:19","slug":"impressum","status":"publish","type":"page","link":"http:\/\/vsringelsdorf-niederabsdorf.ac.at\/?page_id=1048","title":{"rendered":"Impressum"},"content":{"rendered":"\n<p>Texte in dieser Website:<br>Lehrer\/Innenteam der VS Ringelsdorf und Niederabsdorf.<br>Die Website unterliegt dem Copyright der VS  VS Ringelsdorf und Niederabsdorf.<br>F\u00fcr die Inhalte von verlinkten Websites wird keine Haftung \u00fcbernommen.<\/p>\n\n\n\n<p>Verwaltung der Homepage:<br>TOTTER Sabine<\/p>\n\n\n\n<p><\/p>\n\n\n\n<h2 class=\"wp-block-heading\">Kontaktdaten:<\/h2>\n\n\n\n<p>VS Ringelsdorf und Niederabsdorf <br>Schulstra\u00dfe 375<br>2272 Ringelsdorf &#8211; Niederabsdorf<\/p>\n\n\n\n<p>Direktion: \u00a0 \u00a002536\/7585<br>e-mail:\u00a0<a href=\"mailto:vs.hohenau@noeschule.at\"><a href=\"mailto:vs.ringelsdorf-niederabsdorf@noeschule.at\">vs.ringelsdorf-niederabsdorf@noeschule.at<\/a><\/a><a href=\"mailto:vs.gerasdorf@noeschule.at\"><br><\/a><a href=\"http:\/\/www.nmshohenau.ac.at\/\">www.vsringelsdorf-niederabsdorf.ac.at<\/a><\/p>\n\n\n\n<p><br>Direktorin: Sabine TOTTER<\/p>\n","protected":false},"excerpt":{"rendered":"<p>Texte in dieser Website:Lehrer\/Innenteam der VS Ringelsdorf und Niederabsdorf.Die Website unterliegt dem Copyright der VS VS Ringelsdorf und Niederabsdorf.F\u00fcr die Inhalte von verlinkten Websites wird keine Haftung \u00fcbernommen. Verwaltung der Homepage:TOTTER Sabine Kontaktdaten: VS Ringelsdorf und Niederabsdorf Schulstra\u00dfe 3752272 Ringelsdorf<\/p>\n","protected":false},"author":3,"featured_media":0,"parent":0,"menu_order":0,"comment_status":"closed","ping_status":"closed","template":"","meta":{"footnotes":""},"class_list":["post-1048","page","type-page","status-publish","hentry"],"_links":{"self":[{"href":"http:\/\/vsringelsdorf-niederabsdorf.ac.at\/index.php?rest_route=\/wp\/v2\/pages\/1048","targetHints":{"allow":["GET"]}}],"collection":[{"href":"http:\/\/vsringelsdorf-niederabsdorf.ac.at\/index.php?rest_route=\/wp\/v2\/pages"}],"about":[{"href":"http:\/\/vsringelsdorf-niederabsdorf.ac.at\/index.php?rest_route=\/wp\/v2\/types\/page"}],"author":[{"embeddable":true,"href":"http:\/\/vsringelsdorf-niederabsdorf.ac.at\/index.php?rest_route=\/wp\/v2\/users\/3"}],"replies":[{"embeddable":true,"href":"http:\/\/vsringelsdorf-niederabsdorf.ac.at\/index.php?rest_route=%2Fwp%2Fv2%2Fcomments&post=1048"}],"version-history":[{"count":4,"href":"http:\/\/vsringelsdorf-niederabsdorf.ac.at\/index.php?rest_route=\/wp\/v2\/pages\/1048\/revisions"}],"predecessor-version":[{"id":1056,"href":"http:\/\/vsringelsdorf-niederabsdorf.ac.at\/index.php?rest_route=\/wp\/v2\/pages\/1048\/revisions\/1056"}],"wp:attachment":[{"href":"http:\/\/vsringelsdorf-niederabsdorf.ac.at\/index.php?rest_route=%2Fwp%2Fv2%2Fmedia&parent=1048"}],"curies":[{"name":"wp","href":"https:\/\/api.w.org\/{rel}","templated":true}]}}